1
Let f = -5 - -9. Suppose s = f*s. Let t = 1 - s. What is the units digit of t?
1
Suppose 0 = 3*c - 5*x - 40 - 140, 5*c - 2*x = 300. What is the tens digit of c?
6
Suppose 4*k - 6*k = 4*t + 4, -4 = -3*t + 2*k. Let v = -26 - -34. Suppose 4*w + 0 - v = t. What is the units digit of w?
2
Let k be 5/2*(-12)/(-15). Let s(f) = -k*f - 2*f + f - 4*f. What is the units digit of s(-1)?
7
Let x(y) = 12*y**2 - 5*y + 10. What is the hundreds digit of x(3)?
1
Let g(i) = -i**3 - 3*i**2 - i**3 + 4 - 4*i + i + i**3. What is the units digit of g(-3)?
3
Let f(s) = -s**3 + 10*s**2 - 5*s - 12. What is the units digit of f(9)?
4
Suppose 5*d - 13 = 17. What is the tens digit of 4/6 + 92/d?
1
Suppose -5*t + 84 = 2*c - 4, 4 = -t. What is the tens digit of c?
5
Let v be (-3 - -2)/(1 + 0). Let q be 2 + 1 + 0 + v. Suppose -2*d = -3*d + q. What is the units digit of d?
2
Let b(h) = -2*h - 8. Let s be b(-6). Suppose -3*x = -2*x - s. What is the units digit of x?
4
Suppose 4*u = -4, -g + 5*u + 0 + 7 = 0. Let k(c) = 4*c**g - 1 - 5*c**2 + 5*c + 0. What is the units digit of k(2)?
5
Let a be 1/(-5) - 1/(-5). Let v be 2/(0 + 2) - -2. Suppose -5*k = l - 6, a = k - v*k + 4*l - 2. What is the units digit of k?
1
Suppose 12 = -5*g + 137. Suppose -4*c - 5*x - 89 = 0, -4*c - 4*x - 63 = 21. Let z = g + c. What is the units digit of z?
9
Let p(z) = 117*z + 51. Let s(g) = -9*g - 4. Let h(j) = 2*p(j) + 27*s(j). What is the units digit of h(-4)?
0
Suppose 3*o = -5*z + 125 - 15, 3*o = 5*z + 100. What is the tens digit of o?
3
Suppose 2*i + 2*u = -0*i - 16, -3*i - 5*u = 26. Let v = -12 - i. What is the units digit of 1 - 1/(-1) - v?
7
Suppose 3*s + 3*p = 2*p + 376, 0 = -s - 2*p + 127. What is the tens digit of s?
2
Let x(n) = 3*n**2 + 7*n - 7. Let c be x(5). Suppose 2*t = 4*i - 0*t - 130, -3*i = 4*t - c. What is the tens digit of i?
3
Let t = 19 - -119. What is the units digit of t?
8
Suppose 0 = -5*d + 2*o - 5*o + 39, -d + 12 = 2*o. Let g = d + -2. What is the units digit of g?
4
Let a = -32 + 20. Let p = -2 - a. What is the tens digit of p?
1
Let q be -3*(-1)/(-3) - -1. Let a = 2 + 0. What is the units digit of a + 2 + q/(-2)?
4
Suppose h = -3*h + 20. Suppose b - 3*r - 11 = 2*b, h*r = b - 29. What is the units digit of (-11 - -5)*(-6)/b?
9
Let j = 11 + -9. Let a = -1 + j. What is the units digit of a?
1
Suppose -30 + 0 = 5*w. What is the units digit of (-6)/(-4)*w/(-3)?
3
Let v(j) = -14*j. Let p be v(-1). Let a be 4/6*(-2 + p). Suppose 3*c = -c + a. What is the units digit of c?
2
Let k(s) = -5*s**2 + 3*s - 12. Let f(u) = 11*u**2 - 5*u + 25. Let g = 0 - 4. Let c(h) = g*f(h) - 9*k(h). What is the units digit of c(6)?
2
Suppose -18*k = -22*k + 316. What is the units digit of k?
9
Suppose 3*u = 5*m - 15, -2*u - m + 2 = -1. Suppose -3*r = -u*r. Suppose -5*h + 22 = 2*g, r*g = 3*g - 2*h - 52. What is the units digit of g?
6
Suppose 5*d + 3 = 2*d. Let q(s) = -9*s. What is the units digit of q(d)?
9
Let a(n) = 32*n**2 + 3. What is the hundreds digit of a(-2)?
1
Let h = -80 + 196. What is the units digit of h?
6
Let w = 199 - 129. Suppose -6*v + v = -w. What is the units digit of v?
4
Let o(t) be the third derivative of t**5/10 + t**4/24 - t**3/3 + 5*t**2. What is the tens digit of o(-2)?
2
Let c be 4*-9*6/(-4). Suppose 0 = -4*m + 66 + c. Suppose 2*r = -r + m. What is the units digit of r?
0
Suppose 0 = 3*d + 2*d - 100. What is the tens digit of d?
2
Let l be (-16)/(-40) - 38/(-5). Suppose 0*q - 2*q + l = 0. Let s = 2 + q. What is the units digit of s?
6
Let n(l) = l**3 + 9*l**2 - 11*l - 8. Let o be n(-10). Suppose 4 = -2*m - o*g, -g = -2*m + 12 - 28. Let t(x) = -2*x - 8. What is the units digit of t(m)?
4
Let o be 5/(5/(-3) + 2). Suppose 12 = r + 3*r, -d = -3*r - o. What is the units digit of d?
4
Let v be ((-12)/(-1))/(9/6). What is the units digit of (-80 + 4)*(-2)/v?
9
Suppose -a = -3*a + 90. What is the tens digit of 440/a - 2/(-9)?
1
Suppose 0 = 97*g - 102*g + 1495. What is the hundreds digit of g?
2
Let y(c) = c**3 - 8*c**2 + 10. Let z(r) = r**2 - 6*r + 1. Let w be z(7). What is the tens digit of y(w)?
1
Suppose 4*y - 13 = -5. Suppose y*k = k + 15. What is the units digit of k?
5
Let t(m) = m**3 + 9*m**2 + 6*m - 2. Let g be t(-8). Suppose g = 6*l - 4*l. Suppose -5*r + l = -3. What is the units digit of r?
2
Suppose -2*a + 16 - 46 = 0. Let g be -3*a/18*2. Suppose -4*u = -g*j - 35, -15 = 4*j + j. What is the units digit of u?
5
Suppose 3*o - 3 - 435 = 0. What is the units digit of o?
6
What is the tens digit of 10*3*(-40)/(-16)?
7
Let x be (-5)/5*(-1 - 2). Let q = -1 + x. What is the units digit of q?
2
Let b = -66 - -104. What is the tens digit of b?
3
What is the hundreds digit of (-2)/((-2)/1) - (-1 + -101)?
1
Let s(y) = -y - 5. Let w be s(-8). What is the units digit of (30/25)/(w/10)?
4
Let j(d) = 25*d**2 + 7*d - 11. What is the hundreds digit of j(2)?
1
Suppose -z = 5*n - 26, -3*z - 3*n + 24 = -66. Suppose 3*b + z = 1. Let g = -5 - b. What is the units digit of g?
5
Let l = 13 - 9. Suppose -2*z = -20 + l. What is the units digit of z?
8
Suppose 2*y - 3 - 1 = 4*v, -3*y + 56 = 4*v. Suppose 3*h - 5*h = -y. What is the units digit of h?
6
What is the tens digit of ((-4935)/10)/3*2/(-1)?
2
Suppose 4*f - b - 306 = 0, -7*b + 5*b + 300 = 4*f. What is the tens digit of f?
7
Suppose 0 = -4*a - a + 15. Suppose 30 = a*z - 3. What is the tens digit of z?
1
Let g = -62 - -66. What is the units digit of g?
4
Let j = -184 + 369. What is the hundreds digit of j?
1
Suppose 5*d + 18 = 3. Let h = d - -14. What is the units digit of h?
1
Let h(m) = m**3 + 5*m**2 - 8*m - 7. Let c = 5 + -3. Suppose 8 = -c*q + 4*n, -q + 0 = 2*n + 8. What is the units digit of h(q)?
5
What is the hundreds digit of (1200/9 - -2) + 4/(-12)?
1
Let t = 8 + -10. Let l be (1 + t)/((-3)/9). Suppose 4*d + 63 = l*v, -v - 2*d = -0*d - 11. What is the tens digit of v?
1
Suppose k + k - 28 = 0. What is the units digit of k?
4
Let l be -55*((-12)/(-5) + -2). Let q = 33 + l. What is the units digit of q?
1
Let u(l) = -l**3 - 6*l**2 - 11*l - 1. What is the units digit of u(-7)?
5
Let h(d) = d**3 + 5*d**2 + 3*d - 1. Let o(t) = -t**3 - 8*t**2 - t - 3. Let v be o(-8). Suppose v*a - a + 12 = 0. What is the units digit of h(a)?
8
Suppose 4*f = -5*t + 82 + 120, -5*t - 3*f = -199. What is the tens digit of t?
3
Let i(c) = -c**3 + 4*c**2 - 2*c - 7. What is the units digit of i(-3)?
2
Suppose 0 = 5*o + r + 14 + 15, 4*r + 16 = 0. Let z(x) = -x**3 - 4*x**2 + 3*x - 3. What is the units digit of z(o)?
7
Let o = -23 - -33. Suppose -3*l + o = -8*l. What is the units digit of 3 + (l + 2)/(-2)?
3
Let c = 501 + -271. What is the units digit of c?
0
Suppose -2*c + 110 = -74. What is the units digit of c?
2
Suppose -j + 5 = 3. Suppose -4 - 1 = -5*d - 3*z, 22 = 3*d - j*z. What is the units digit of d?
4
Let v(c) = -6*c - 1. Let h be (1 + -11)*(-10)/25. Suppose -h*q - 9 + 1 = 0. What is the tens digit of v(q)?
1
What is the units digit of (-1)/4 + (-10026)/(-72)?
9
Suppose -a - 3*a + 28 = 0. Let x = 16 - a. What is the units digit of x?
9
Suppose -4*i = -4*h + 3*h - 9, 3*h + 3 = 0. Suppose -i*w + 0*w + 78 = 0. What is the units digit of w?
9
Let d be 2/1 + 3/1. Let p(q) = 9*q - 3. Let z be p(3). Suppose 4*b + z = 5*g + b, -d*g + b = -18. What is the units digit of g?
3
Let n = 21 + -13. Suppose -n = 2*x - 2. Let b = x + 16. What is the tens digit of b?
1
Let l be (-3)/(0 - 9/6). Let q(i) = 2*i + i**l - 2*i + 4 - i. What is the units digit of q(3)?
0
Suppose z + 348 = 5*f + 79, -2*f + 114 = -2*z. What is the tens digit of f?
5
Let h be (8/3)/(7/(-21)). Let z = h - -11. Suppose -u + z = -8. What is the tens digit of u?
1
Let p(j) = j - 1 + 2*j + 9*j**2 - 2*j. What is the units digit of p(1)?
9
Suppose 0 = w - f + 4*f + 75, 16 = -4*f. What is the units digit of (-301)/w - (-2)/9?
5
Let q(r) = 26*r**2 - r + 1. Let p = 17 + -16. What is the units digit of q(p)?
6
Let y be -3*2*26/6. What is the units digit of (-698)/y - 4/(-26)?
7
Let z be 4/2*(2 - 3). What is the units digit of 10*(-2 + 1)/z?
5
What is the tens digit of 2/(-1 + 56/54)?
5
Let l be 222/27 - 6/27. Let n be l/(-3)*9/(-4). Suppose -q - 13 = -3*h, 3*h = n*q - q + 5. What is the units digit of h?
5
Let o = 4 - -4. Suppose -o = 5*h + 2. What is the units digit of (-39)/(-2)*h/(-3)?
3
Let p(q) = -3 - 3*q